 the remainder when 1213 is divided by t.
61
Suppose -70 = -2*r - 46. What is the remainder when 81 is divided by r?
9
Suppose 0 = 5*h + 4*d + 400, 2*h = -2*h - 2*d - 320. Let w = h - -115. What is the remainder when w is divided by 36/10*5/1?
17
Let x(m) = -441*m - 255. Calculate the remainder when x(-6) is divided by 38.
35
Suppose 479 = 56*i - 1985. What is the remainder when 102 is divided by i?
14
Let y(s) = s**3 + 66*s**2 - 71*s - 258. What is the remainder when 345 is divided by y(-67)?
5
Suppose -3*c + 4*d + 468 + 89 = 0, c = 4*d + 191. Calculate the remainder when c is divided by 31.
28
Let g(b) = b**2 + 6*b - 28. Let t = -62 + 52. Let m = 50 + -28. Calculate the remainder when m is divided by g(t).
10
Let o(r) = -11*r - 99. What is the remainder when o(-12) is divided by 21?
12
Suppose 0 = p + 4*p. Suppose -3*q + p*d + 27 = -3*d, -5*d - 25 = 0. Suppose q*o - 39 = o. Calculate the remainder when 25 is divided by o.
12
Suppose -q + 0*q = -5. Suppose -5*x - 20 = 0, 70 = -5*j - 0*x - q*x. What is the remainder when (-2)/j - (-2590)/50 is divided by 18?
16
Suppose 23*u = 27*u - 60. What is the remainder when 38 is divided by u?
8
Calculate the remainder when 204 is divided by 1 + -13 + (119 - 38).
66
Let b(t) = 2*t - 5. Let i = -6 - -11. What is the remainder when b(i) is divided by 2?
1
Let x = -461 + 470. Let g(f) = -40*f. Let t be g(1). Let p = 66 + t. What is the remainder when p is divided by x?
8
Let w(v) = -9*v**2 + 120*v + 24. Let a(f) = -f**2 + 15*f + 3. Let d(x) = -51*a(x) + 6*w(x). What is the remainder when d(-13) is divided by 6?
3
Calculate the remainder when 15 is divided by 3 + (8 - (-1 + 1)).
4
Let m(r) = -2*r - 8. Let z be m(-4). Suppose -2*t - 3*t + 15 = z. Calculate the remainder when 15 is divided by t.
0
Let p(w) = 37*w - 181. Calculate the remainder when 45 is divided by p(5).
1
Suppose -3*c + 28*x = 24*x - 548, -3*x = -5*c + 928. What is the remainder when c is divided by 9?
8
Suppose -2*p - 4 = 4*l, 2*p = -l + 6*l + 23. What is the remainder when 117/l*(-5)/15 is divided by 3?
1
Let y(i) = -i + 32. Let n(b) = b**3 - 4*b**2 - 22*b + 32. Let r be n(7). What is the remainder when 17 is divided by y(r)?
3
Let d(g) = g**3 - 12*g**2 + 11*g + 5. Let r be d(11). Suppose u + 10 = -u, r*o + 3*u + 20 = 0. Let q = 2 + o. Calculate the remainder when 2 is divided by q.
0
What is the remainder when 117 is divided by 12/(-108) - 100/(-9)?
7
Let u(a) = 5*a - 12. Let l(s) = -s**3 + 7*s**2 + 2. Let b be l(7). Suppose b*g - g - 7 = 2*n, -5*g + 3*n = -49. What is the remainder when g is divided by u(3)?
2
Let m be (0 + 0)*(-3 + 2). Suppose 0 = 3*h - m - 6. Calculate the remainder when (h/(-3))/(6/(-45)) is divided by 4.
1
Let r(i) = -28*i + 1079. Suppose 2*k - 47 = -b, 0 = -4*k - k + 3*b + 112. What is the remainder when k is divided by r(38)?
8
Let p = 259 + -71. Let a = -159 + p. Let i = -109 + 223. Calculate the remainder when i is divided by a.
27
Let s(k) = 5*k**2 - 2*k + 2. Let d be s(1). Calculate the remainder when 18 is divided by 20/((d + -10)*4/(-10)).
8
Suppose -64 = -0*s + 4*s. Let t = s + 20. Suppose u + 4*k - 13 = 9, -5*u + t*k = 10. What is the remainder when 2 is divided by u?
0
Suppose 557*n - 549*n - 456 = 0. Calculate the remainder when n is divided by 6.
3
Let t = -19 - -2. Let b(z) = z**2 + 6*z + 6. Let w be b(-4). Let c = w - t. Calculate the remainder when 29 is divided by c.
14
What is the remainder when (-7 - 4701/(-27)) + 1/(-9) is divided by 34?
31
Let n(u) = 6*u - 2. Let v be n(7). Calculate the remainder when 55 is divided by -2*(-5)/(v/76).
17
Let t be (-3)/(-2)*48/18. Suppose 0 = -t*q + 9*q - 130. Let w = 8 - -94. Calculate the remainder when w is divided by q.
24
Let p(s) = 84*s - 827. Calculate the remainder when p(14) is divided by 77.
41
Suppose -131 + 51 = -4*f. Let a = 1550 - 1512. What is the remainder when a is divided by f?
18
Let x = 22 - 17. Suppose -x*v - 7*v + 372 = 0. Calculate the remainder when 151 is divided by v.
27
Suppose 53 = -9*b + 1556. Calculate the remainder when b is divided by 59.
49
Let a(b) = 99*b + 14. Calculate the remainder when a(2) is divided by 55.
47
Suppose 122 = 2*g + 2*u, 3*g + 0*u = 3*u + 213. What is the remainder when g is divided by 18?
12
Suppose 87 = 6*k - 5*k. Let z = 117 - k. Calculate the remainder when 88 is divided by z.
28
Let x(t) = 11*t - 7*t + 11*t - 2. Calculate the remainder when x(8) is divided by 30.
28
Let z = 144 + -38. What is the remainder when z is divided by 28?
22
Suppose -59*f = -57*f - 30. Calculate the remainder when 116 is divided by f.
11
Let k = -24 - -43. Let n = -16 + k. Suppose 4*h - 5*y = 108, -h + 5*y = n - 15. What is the remainder when 93 is divided by h?
29
Let k(t) = 3*t**2 - 10*t + 859. What is the remainder when k(0) is divided by 43?
42
Let m be (3 - 8) + 2 + 0. Let g = 19 - m. What is the remainder when g is divided by 6?
4
Suppose -65*z = -61*z + 196. What is the remainder when 110 is divided by 257*(-7)/z + 2/7?
36
Let h(j) = -5*j**2 + j - 3. Let k be h(5). Suppose -3*b = 5*r + 211, -b + 4*r = 2*b + 193. Let m = b - k. Calculate the remainder when m is divided by 20.
16
Suppose 3*b = 4*b - 169. Calculate the remainder when b is divided by 25.
19
Suppose -16*v + 15*v = 30. Let z = v + 55. What is the remainder when z is divided by 3?
1
Suppose -2*m = -4*b + 56, 3*m = -b + 4*m + 16. Suppose b*n - 420 = 60. Calculate the remainder when n is divided by 16.
8
Suppose 4*l - 5*a = -25, 3*l = 2*l - 3*a + 15. Suppose -5*h + 4*b + 88 = l, -3*h + 0*b = b - 63. What is the remainder when 79 is divided by h?
19
Suppose -f = 4*f + 70. Suppose -30*z - 48*z + 850 + 554 = 0. What is the remainder when z is divided by (1/(-2) + 0)*f?
4
Suppose -20*c + 14*c = -1722. Calculate the remainder when c is divided by 60.
47
Let i(w) = -4*w - 11. Calculate the remainder when 101/((-15)/(-20) - (-3)/12) is divided by i(-7).
16
Let l = 8 + -4. Suppose 5*h - 69 = -2*f, -h + 3*f + 23 = 8*f. Calculate the remainder when h is divided by l.
1
Let o(g) = -2*g**3 + 4*g**2 + 41*g - 2. Calculate the remainder when 259 is divided by o(-4).
25
Suppose -79 = -b - s, -2*b + 4*s = 5*s - 160. Suppose 5*n + 164 = 664. Suppose 5*k - k = 4*c + n, 3*k + c = 59. What is the remainder when b is divided by k?
18
Suppose -5*y + 2*y = 2*s - 122, 5*y + 20 = 0. Calculate the remainder when s is divided by 35.
32
Let x = 8 + 8. Suppose -x + 58 = -2*o. Calculate the remainder when (-9)/o + 438/7 is divided by 16.
15
Suppose -5*g = -30 - 120. What is the remainder when 235 is divided by g?
25
Let v(o) = 5*o**2 - 3*o - 20. Let x = 42 - 35. Calculate the remainder when v(x) is divided by 41.
40
Let s(p) = p**2 - 6*p + 11. Let q(u) = u**2 + 2*u - 10. Let a be q(-5). Calculate the remainder when s(a) is divided by 4.
2
Let s = -8 + 10. Let h = 37 - 31. Suppose -m - 6 = -3*n, 3*m - 5*n = -4*n + h. Calculate the remainder when m is divided by s.
1
Let n(r) = -r**2 - 12*r + 9. Suppose -2*t + t - 1 = 0. Let f(u) = -u**2 + u. Let d(c) = t*n(c) + 2*f(c). What is the remainder when d(6) is divided by 21?
18
Let h(y) = -45*y + 172. Calculate the remainder when h(-3) is divided by 14.
13
Suppose -8*z + 56 + 120 = 0. What is the remainder when z is divided by 3?
1
Suppose -3*i - 17 = 5*d, 2*d - d + 13 = -3*i. Let g(h) = h**2 - 6*h + 6. Calculate the remainder when g(i) is divided by 8.
6
Let l = -34 + 60. Suppose 5*o - 6 = -2*j - 40, 9 = -3*j + 3*o. Let g(q) = q**3 + 10*q**2 + 6*q - 2. Calculate the remainder when g(j) is divided by l.
25
Let t(c) = 9*c. Let v(p) = -9*p. Let m(w) = -2*t(w) - 3*v(w). Let o(h) = -11*h - 19. Calculate the remainder when m(3) is divided by o(-3).
13
Suppose -5 + 1 = 4*m. Let i = 19 - m. Let o = 164 - 106. What is the remainder when o is divided by i?
18
Let f = 598 + -482. Calculate the remainder when 242 is divided by f.
10
Let u = 27 - 20. Suppose 2*p = p + 6. Calculate the remainder when u is divided by (-42)/(-30) - p/(-10).
1
Suppose -5*w + 120 = 4*z, z - 19 = -0*z - 4*w. Suppose -z*r + 75 = -30*r. What is the remainder when 59 is divided by r?
14
Let a = -273 - -335. What is the remainder when a is divided by 7?
6
Let f = 54 + -44. What is the remainder when f is divided by 12/(-4)*7/(-3)?
3
Suppose 130*b - 794 = -h + 132*b, -4*b - 20 = 0. What is 